40*n**2 - 39*n + 72. Let i be l(-41). Let j(g) = 7*g**2 - 8*g - 11. Is j(i) composite?
False
Let q(u) = 2*u**3 - u**2. Let w be q(1). Is (932 - 1) + w + 1 a composite number?
True
Suppose k + 3*j = 719 + 224, 4*k - j - 3720 = 0. Let i = k - -640. Let s = -810 + i. Is s a composite number?
False
Suppose 2*h - 5 = 1. Suppose 0 = -3*o - 3*a + 172 + 17, o = h*a + 75. Is o/(-3)*(-159)/6 a prime number?
False
Let l(a) = -1393*a**2 + 14*a - 29. Let f be l(5). Let w be (f/(-10))/8*5/1. Suppose -n + w = n. Is n prime?
True
Let m be (4/(-6))/((-6)/135 + 0). Suppose -71 = 7*c - m. Is ((-521)/(-4))/(c/(-32)) a composite number?
False
Let l(z) = 860*z - 679. Is l(4) composite?
True
Let u be (72/(-45))/(-2*(-2)/(-10)). Suppose -x + 3*s = x - 34, -u*x - 2*s = -36. Suppose -12*p + x*p + 499 = 0. Is p composite?
False
Let j be 4/((-24)/10)*-16395. Suppose -8955 + j = 10*i. Is i prime?
False
Let t(r) = -2*r**2 - 30*r - 16. Let k be t(-14). Is (79984/(-24))/((-8)/k) prime?
True
Let a(k) = 115*k**3 + k - 1. Suppose -5*b - c + 10 = -3, 0 = b + c - 5. Suppose b*l - 3*l = -1. Is a(l) prime?
False
Suppose 24 + 16 = 10*f. Suppose -f*v + k = -1603, 275 = v - 5*k - 121. Is v a prime number?
True
Let k(d) = 4*d + 9. Let v be k(-9). Let r be v/(-18) + 2318/4 + -1. Let a = -327 + r. Is a prime?
False
Let o = -909856 - -1640757. Is o prime?
True
Let w(g) = 3866*g**2 - 8*g + 113. Is w(6) prime?
True
Is 72/54 - 1256604/(-36) a prime number?
False
Let v(w) = -16*w - 11. Let h be v(0). Let q(x) = -775*x - 12. Is q(h) prime?
True
Let s = 679 - 676. Suppose 17*l - 12*l + c - 41546 = 0, -s*c = 2*l - 16621. Is l composite?
True
Suppose -5*x - 3*i = 90, 0 = -x + i - 1 - 25. Let b be -162 + ((-4)/(-6) - (-14)/x). Let y = b + 415. Is y composite?
True
Let r(y) = -79426*y**3 - y**2 - 133*y - 271. Is r(-2) a composite number?
True
Suppose -q = 74*k - 71*k - 163612, -3*k + 163602 = 3*q. Is k composite?
False
Let f(k) = k**3 + 2*k**2 + 2*k + 1665. Let q be f(0). Let x = 3026 - q. Is x prime?
True
Let n be ((-95)/(-38))/(25/(-30)). Let s = -5 - -3. Is ((-4)/(-12))/(s*n/3222) a composite number?
False
Suppose -5*c = -22 - 38. Suppose 2*q + 4*s = 36384, 2*s = -c*q + 8*q + 72738. Is q prime?
False
Let u be 65789 - (10/6 - 60/(-18)). Suppose -5*l + 5*a + 66915 = 0, -u = -4*l - 3*a - 12266. Is l a composite number?
False
Let w = 7684 - -4639. Is w prime?
True
Suppose 4*v = -24, 69*g = 71*g + v - 312272. Is g prime?
True
Suppose 0*a + 4*l = -a + 23, 6 = 2*a - 2*l. Suppose a*f = 4*f + 33. Suppose 12*p - f*p - 93 = 0. Is p prime?
False
Let v(s) = 4125*s**2 - 11*s + 8. Let n(b) = -4126*b**2 + 10*b - 7. Let z(j) = -5*n(j) - 4*v(j). Is z(1) a prime number?
True
Let n(y) = -14*y**3 + 79*y**2 - 132*y + 653. Let l(g) = 3*g**3 - 20*g**2 + 33*g - 163. Let t(w) = 9*l(w) + 2*n(w). Is t(-33) prime?
True
Suppose -2 = d + 5*h, 0 = -2*d - 5*h + 1 - 10. Suppose 4*f = 2*f + 840. Let y = f + d. Is y a prime number?
False
Suppose -55 - 21 = 2*d. Let m be (-1)/((6/(-3))/d) + -1. Let p(r) = -4*r + 5. Is p(m) composite?
True
Let f = 291 - 298. Let n(y) = -1010*y + 89. Is n(f) a composite number?
False
Suppose 85 = 5*r - 60. Let w = r - 33. Is (0 + 1 - 0)*(-3892)/w prime?
False
Is (-17 - -19)*(19/2)/(2/11246) prime?
False
Is -6*((-934565)/30 + -15) a prime number?
True
Is (-4)/(-7)*(-12)/24*-14 + 101473 a prime number?
True
Let j(k) = -8988*k - 1417. Is j(-19) prime?
False
Let z = -213398 - -470601. Is z a composite number?
True
Suppose -4782 + 810 = -2*h. Suppose -5*b + 9910 = -d, 0*b - b + d + h = 0. Suppose 4*f = 2695 + b. Is f a prime number?
False
Suppose -2*b - 7 = j + 2*b, 5*b = j - 20. Let f(t) = 898*t - 77. Is f(j) a composite number?
True
Suppose -12*y = -8*y - 3*q - 5, 2*y + 17 = -5*q. Is (7 - 6)*5 + 5595 + y composite?
True
Let c be (-376 + 388)*20/8*2/4. Suppose 3*a = 4*a + 30. Is (-3924)/a + 3/c prime?
True
Suppose -1 + 0 = h. Suppose -4*g = -0*g + 16. Is (g - (258 + -3))*h a prime number?
False
Suppose 1799*o + 33964447 = 1888*o. Is o a composite number?
True
Let b = 243535 - 107544. Is b prime?
False
Let s be 4 + (12/9)/(4/(-6)). Suppose -5*u = -s*y, -u = -2*y + 12 - 4. Suppose 5019 = y*v - 14476. Is v prime?
False
Let k = -68 - -68. Suppose -5*s - 15 = k, 4*t - 23 = -0*s + s. Let b(w) = 33*w - 8. Is b(t) a prime number?
True
Let j = 3283 - 1894. Is j a prime number?
False
Let q = 351003 - 238460. Is q prime?
True
Suppose -5*p + 30 = 0, 5*g = 13*p - 16*p + 8291233. Is g prime?
True
Let y(v) = 6*v - 75. Let h be y(13). Is (36/24)/(h/4846) composite?
False
Suppose 5*y - 12 + 2 = 0. Suppose 34701 = 5*n + 2*a, y*n + 7*a - 13874 = 3*a. Suppose 7*t + 4*t = n. Is t a composite number?
False
Suppose 3*a + 3*m - 15783 = 0, -5*a + 12121 = m - 14184. Is a composite?
False
Let u = 3613751 + -2108029. Is u a prime number?
False
Suppose -13*i = -24*i - 40*i + 15548523. Is i a composite number?
True
Let i = 704081 + -343764. Is i composite?
False
Let o(t) = 1901*t**2 + 16*t + 4. Let p be (-52)/338 + 82/26 + 0. Is o(p) a composite number?
True
Suppose i - 41682 = 4*a + 27333, 5*a - 276144 = -4*i. Is i a prime number?
True
Suppose -4*n = 3*s + 1, -4*s + 2*n = -6 - 0. Is (-6)/(-8)*4 - (-1531 - s) a prime number?
False
Suppose 0 = 3*r, -3*k + 8*k + 5*r + 112471 = 710786. Is k prime?
False
Suppose 4*i = 3*i, -5*b + 2*i + 6435 = 0. Let o = -752 + b. Is o prime?
False
Let u(l) = -278*l**3 - 10*l**2 + 3*l + 126. Is u(-7) a prime number?
False
Let h(m) = 6*m + 76. Let p be h(-12). Let x(v) = 702*v**2 - 4*v - 3. Is x(p) a prime number?
True
Let n(w) = w**3 + 7*w**2 - 16*w - 2. Let o be n(2). Suppose 635 - 16977 = -4*g + 5*l, -o = l. Is g composite?
True
Let y be 9307/164 + 3/(-4). Is (-69412)/y*(-3 - -1) composite?
True
Let w = -15 - -17. Suppose -p = -w*p - 55. Is (p + 2)*2/(-2) a prime number?
True
Let p be 1 + (9/(-10) - 10/100). Is (7 + -8 + p)*-797 prime?
True
Suppose -3*q = 5*i - 87325, -34956 = -18*i + 16*i + 4*q. Suppose 6*x - 28858 = i. Is x composite?
True
Suppose -2*m + 77833 + 56777 = -2*v, 0 = 5*m - 3*v - 336513. Is m a composite number?
True
Let p = -60755 + 123954. Is p prime?
True
Let t = 63354 - -48257. Is t prime?
True
Let c = 61 - 59. Suppose 0 = -c*l + 5*w + 3263, -4872 = -3*l - 0*l + 3*w. Is l prime?
True
Suppose 29*f = 397232 + 170327. Is f a composite number?
False
Suppose x + 3 = b, 0*b - 20 = -4*b. Let h be (-27)/6*x/(-3). Suppose 5*s - 1142 = -0*o - h*o, 2*o - 5*s = 753. Is o a composite number?
False
Let n be 6/24 - 30/(-8). Let m = -28 + n. Is ((-557)/(-4))/((-6)/m) a composite number?
False
Let l(w) = -87 + 303*w - w + 662*w. Is l(11) a prime number?
False
Suppose -4*g + 47533 + 960011 = 4*u, 0 = 4*u - 4*g - 1007600. Is u a composite number?
False
Suppose -2513 = -n - 542. Suppose -3*u = -0*u - 900. Suppose 3*d + u = n. Is d a prime number?
True
Suppose 21 = -3*d + 30. Suppose 0 = -4*s - 3*h - 60 + 724, -338 = -2*s - d*h. Is s composite?
False
Let z = 1026547 + -410670. Is z prime?
False
Let x(o) = 2*o**2 + 1 - 8*o**2 + 2*o + 4*o**2. Let j be x(-1). Is (-3033)/(-2) + -3 + j/6 a composite number?
True
Suppose -2*u = -3*h + 155, 0*h + h = 5*u + 69. Suppose -l = -53 + 39. Suppose i - l = j - h, -2*j = -4*i - 66. Is j a composite number?
False
Let l(o) = -2191*o + 124. Let z(k) = 46*k - 3. Let h be z(0). Is l(h) composite?
True
Let u(s) = 76*s + 72. Let w be u(-12). Let g = -291 + 1292. Let n = g - w. Is n a composite number?
True
Let w(c) = 43*c**2 + 109*c + 10157. Is w(-82) prime?
True
Let x(o) = -196*o + 68*o**2 - 5 + 218*o**2 - 187*o + 387*o. Suppose 3*m = 20 - 2. Is x(m) composite?
True
Let b be 44*((4 - 6) + 211). Suppose -2*j + 5*j + y = 5526, -5*j = -3*y - b. Is j a prime number?
False
Suppose -1929*y + 1911*y = -73998. Is y a prime number?
True
Let h(i) = 7*i**3 - 7*i**2 + 17*i + 1. Let u be (-40)/(-8)*6/10. Let m(z) = -4*z**3 + 4*z**2 - 9*z - 1. Let g(j) = u*h(j) + 5*m(j). Is g(6) composite?
True
Let r be (-5)/((-45)/(-78))*-189. Suppose 0 = 4*h - 202 - r. Suppose 7*v + h = 11*v. Is v prime?
False
Let u(a) = 7*a**2 - 5*a - 11. Suppose l - 66 = 3*m - 16, 0 = 4*m - 2*l + 70. Is u(m) a composite number?
True
Suppose 35*z = 18 + 17. Is -2*z - (-13793)/13 a prime number?
False
Suppose -4*w + 598 = -4*x - 2*w, 25 = 5*w. Let j = 147 + x. Suppose 5*i + j*i + 5*q - 8200 = 0, -5*q - 1622 = -i. Is i